vert 121401114 (base 5) to base 2.
10001100011010110111
What is 1937847 (base 11) in base 8?
14375017
101001110111101010011 (base 2) to base 12
561b83
-648b97 (base 13) to base 16
-2408d9
-2211413 (base 11) to base 5
-1443203234
What is 357571 (base 10) in base 2?
1010111010011000011
What is 5b077 (base 14) in base 6?
4433253
2321001331 (base 4) to base 8
2710175
Convert -5c3c77 (base 13) to base 12.
-8a588a
What is -6aeea (base 16) in base 6?
-13215430
Convert 1919453 (base 13) to base 15.
ac4c4e
Convert -101100111110101011000 (base 2) to base 15.
-1e1a8a
Convert -202320211 (base 4) to base 12.
-6a831
What is 16442320 (base 7) in base 4?
12020113030
What is 135212334 (base 6) in base 15?
39ab94
55214052 (base 6) to base 2
110010011000000010000
Convert 10020100 (base 3) to base 5.
33413
Convert 4672565 (base 11) to base 4.
133013302213
Convert 45523724 (base 8) to base 10.
9873364
Convert -62621524 (base 8) to base 6.
-1153201324
Convert -15551352 (base 8) to base 10.
-3592938
Convert -29a35 (base 13) to base 9.
-128765
What is -201372 (base 9) in base 2?
-11101000101011111
What is -10164055 (base 7) in base 11?
-535285
12332212321 (base 4) to base 15
26203a
What is -4355652 (base 7) in base 5?
-114110233
What is -243244033 (base 5) in base 14?
-21d0b3
Convert -110244 (base 7) to base 9.
-28466
Convert 741729 (base 11) to base 14.
22cdc6
What is -7371075 (base 8) in base 13?
-53939c
Convert c21ec (base 15) to base 13.
186a35
Convert 577861 (base 10) to base 12.
23a4b1
Convert 4173384 (base 9) to base 7.
24660631
Convert -5014120 (base 9) to base 3.
-12000111010200
121021110010 (base 3) to base 15
64dc3
Convert -29b61 (base 14) to base 10.
-103769
59640 (base 15) to base 12
118a66
What is 302201213 (base 5) in base 4?
10213103112
Convert -14620651 (base 10) to base 13.
-304ba96
101010101100101110100010 (base 2) to base 12
38b96aa
What is -134611 (base 7) in base 15?
-7924
Convert -53641 (base 11) to base 7.
-443213
Convert -343543 (base 7) to base 12.
-2b5aa
Convert 709406 (base 11) to base 15.
177ad6
Convert 151c455 (base 13) to base 10.
6738945
Convert -249b30 (base 12) to base 13.
-17c121
Convert aebf02 (base 16) to base 10.
11452162
Convert -823870 (base 9) to base 3.
-220210222100
Convert -1011111010011011 (base 2) to base 5.
-3030140
-a1a65 (base 11) to base 7
-1160316
Convert -346736 (base 9) to base 4.
-302313231
Convert 1358564 (base 9) to base 3.
1101222122011
-12064 (base 12) to base 14
-8bb6
What is -131ae (base 15) in base 11?
-41a31
Convert 212313324 (base 5) to base 6.
31151413
Convert 12202102101012 (base 3) to base 4.
23222313113
Convert -10450124 (base 7) to base 11.
-567357
4211134 (base 8) to base 13
302326
253187 (base 9) to base 13
549a6
Convert 32664356 (base 7) to base 13.
77aa76
-1110133112 (base 4) to base 15
-6c815
Convert 48866 (base 9) to base 14.
bd3a
Convert 671351 (base 8) to base 4.
313023221
What is 20b26 (base 15) in base 6?
2120213
What is -95523 (base 13) in base 6?
-5432540
What is -1895a71 (base 12) in base 7?
-61654612
What is 35568 (base 14) in base 16?
1fbf8
-1010010110111000100101 (base 2) to base 16
-296e25
Convert -d4c5b (base 14) to base 4.
-1331030301
What is 22101210121002 (base 3) in base 2?
10001000001110111100101
Convert 24332313 (base 5) to base 14.
5dd25
16442514 (base 7) to base 3
10000122200100
What is 5e88b0 (base 15) in base 13?
c29cb8
What is 29163 (base 14) in base 7?
602553
What is 82306 (base 10) in base 8?
240602
-a0130 (base 12) to base 9
-345620
Convert -113270 (base 13) to base 12.
-177562
Convert -101201110210 (base 3) to base 12.
-a2156
What is 50445 (base 9) in base 4?
20012102
What is -79aa7b (base 15) in base 16?
-589d06
3d451e (base 15) to base 11
1736070
5131580 (base 9) to base 3
12011001122200
What is -10010000001000101101 (base 2) in base 12?
-2457a5
What is 1214886 (base 10) in base 7?
13216641
Convert -241016 (base 12) to base 15.
-b7839
-1001110111000101110101 (base 2) to base 15
-360d9e
Convert -3ebeb (base 15) to base 2.
-110001010001011101
-200112120011200 (base 3) to base 12
-3371869
What is -31341 (base 11) in base 15?
-d7e2
Convert -4132345 (base 6) to base 12.
-970b5
What is 261075 (base 11) in base 3?
202220021121
What is -1001100000100010000 (base 2) in base 15?
-624b3
What is -658896 (base 10) in base 7?
-5412660
Convert -16482 (base 13) to base 16.
-a61d
What is e244 (base 16) in base 5?
3323144
Convert -24c8d (base 14) to base 4.
-112002231
1233312233 (base 4) to base 2
1101111110110101111
Convert -31223030012 (base 4) to base 14.
-694594
Convert -3020204 (base 5) to base 14.
-137b5
202102101 (base 4) to base 13
4bbc7
-1101001101010011101111 (base 2) to base 13
-942c62
-2161460 (base 7) to base 16
-41354
What is -1331110012 (base 4) in base 3?
-222002002121
-151c38 (base 13) to base 4
-1332203202
Convert -1173313 (base 10) to base 14.
-227841
What is 41a8b49 (base 12) in base 3?
212100202222210
What is -1446324 (base 7) in base 9?
-328740
What is -4210221 (base 6) in base 16?
-31b25
Convert -101111314 (base 5) to base 10.
-410209
-2431712 (base 8) to base 10
-668618
Convert 14aa1 (base 14) to base 16.
c925
86ae6 (base 16) to base 15
ad6be
-230622 (base 8) to base 9
-128267
Convert 1577760 (base 8) to base 9.
768236
What is -138767 (base 11) in base 15?
-44262
340557 (base 8) to base 6
2244355
What is -301013311 (base 4) in base 10?
-201205
-64600421 (base 7) to base 3
-101101002021202
-22022122213 (base 4) to base 3
-12000100110111
What is -119835 (base 10) in base 7?
-1006242
Convert -8152161 (base 10) to base 6.
-450421253
What is -10001111111100010010 (base 2) in base 15?
-b9a5b
b082b9 (base 12) to base 6
134545553
What is -4b8161 (base 15) in base 5?
-1411343231
-11010001111101101 (base 2) to base 14
-2b269
Convert 158e8 (base 15) to base 6.
1253502
773587 (base 9) to base 11
296077
What is -2b38d (base 14) in base 6?
-2150425
-5305031 (base 6) to base 8
-767253
What is 5871374 (base 9) in base 15?
42b30d
Convert 30130213230 (base 4) to base 6.
153534140
-3d8a7 (base 15) to base 4
-300101023
3b505 (base 12) to base 13
2b3b2
4cc02c (base 13) to base 2
111000100101101100010
Convert 424caa (base 13) to base 12.
62aa56
-1b3336b (base 12) to base 3
-101220012211002
-37923 (base 14) to base 9
-226810
-1001000000001010 (base 2) to base 5
-2134444
Convert -14cbc03 (base 13) to base 14.
-c5ca3d
Convert -978225 (base 16) to base 9.
-20613333
152762 (base 10) to base 8
452272
58e05 (base 16) to base 11
229563
Convert 203512053 (base 6) to base 16.
360381
What is 3014244 (base 5) in base 6?
1010322
Convert -1a3746 (base 12) to base 11.
-296489
What is -367fcc (base 16) in base 13?
-980911
Convert -4220466 (base 8) to base 3.
-2010000221022
Convert -40425 (base 11) to base 9.
-100028
Convert -1728e (base 15) to base 2.
-10010010001010010
232120403 (base 5) to base 8
4005331
5320033 (base 6) to base 13
90cb1
6213b (base 12) to base 3
20111200002
What is 3732c2 (base 15) in base 9?
4867772
What is -1c62b (base 13) in base 5?
-3242401
What is 2393775 (base 10) in base 16?
2486af
Convert -5643a (base 15) to base 10.
-274330
What is -d565b4 (base 16) in base 15?
-1363b6e
What is -2122210210212 (base 3) in base 16?
-159110
Convert 3141053 (base 8) to base 6.
25531003
Convert 256516 (base 7) to base 2.
1011101100111111
-1003231021 (base 4) to base 7
-2233342
1520551 (base 6) to base 13
31294
What is 51326 (base 8) in base 13?
9863
65bba (base 14) to base 11
159254
Convert 505578 (base 10) to base 5.
112134303
125535025 (base 6) to base 8
11463231
What is 1006bbb (base 15) in base 8?
53424026
Convert -3473032 (base 11) to base 14.
-b3c5d0
Convert -120437 (base 13) to base 9.
-723588
Convert 10000120220 (base 3) to base 7.
335256
What is 31719 (base 13) in base 11?
60a27
Convert -1202000201 (base 4) to base 15.
-7de2b
What is -45273 (base 9) in base 4?
-13112211
What is -9851 (base 14) in base 7?
-136531
What is 139f08 (base 16) in base 11?
7a9127
1678841 (base 9) to base 12
392b17
What is 2051433 (base 6) in base 12?
49b79
Convert 111001110111111111110 (base 2) to base 4.
13032333332
What is 462655 (base 8) in base 13?
56679
Convert 179154 (base 10) to base 3.
100002202100
Convert 240241244 (base 5) to base 4.
10031031223
fb64bb (base 16) to base 4
332312102323
What i